211212111 - -100?
-10211212011
In base 14, what is 10 + -2665?
-2655
In base 8, what is -4 - 340007?
-340013
In base 9, what is -1538 - 18?
-1557
In base 9, what is 57 + -1328?
-1261
In base 3, what is -10 + -111100000?
-111100010
In base 3, what is 120 - -2012020?
2012210
In base 6, what is -3 + -111355?
-111402
In base 5, what is -10302420 + -2?
-10302422
In base 9, what is -1538 - -8?
-1530
In base 14, what is -121a230 + 4?
-121a22a
In base 5, what is -13131000 - -13?
-13130432
In base 10, what is -135025 - 0?
-135025
In base 16, what is 4 - -4beb6?
4beba
In base 8, what is 42740 + 3?
42743
In base 2, what is -10 + -10111010111100?
-10111010111110
In base 5, what is 0 - -1022320?
1022320
In base 2, what is -100110001111 + -11011?
-100110101010
In base 10, what is 933 + -5?
928
In base 14, what is -1 - -156?
155
In base 5, what is -10210042 + -13?
-10210110
In base 8, what is -253 - 1163?
-1436
In base 7, what is 14 - -52025?
52042
In base 16, what is fbe + -5?
fb9
In base 14, what is -3a18 - -36?
-39c2
In base 11, what is -8 - 569?
-576
In base 5, what is 2 + 1332421?
1332423
In base 6, what is 34 + 2203204?
2203242
In base 7, what is -1301025 - -4?
-1301021
In base 10, what is -55088 - 1?
-55089
In base 16, what is 174 + -b2?
c2
In base 13, what is -c2 + -294?
-386
In base 9, what is -580 - -6721?
6131
In base 7, what is -230042 + -5?
-230050
In base 2, what is 111100 - -1100100100011?
1100101011111
In base 4, what is -10 - 1022002?
-1022012
In base 2, what is 110010101001101 + 1010?
110010101010111
In base 16, what is d + 1186?
1193
In base 12, what is 21a - -17ba?
1a18
In base 9, what is -42508 - -33?
-42465
In base 16, what is -31 + -157?
-188
In base 15, what is -8 + d429?
d421
In base 7, what is 512 + 33?
545
In base 11, what is -4a7 + 229?
-279
In base 16, what is -4 - -7a14e?
7a14a
In base 9, what is 64742 + -1?
64741
In base 10, what is 2 - 11120?
-11118
In base 13, what is -28053 + -a?
-28060
In base 6, what is 0 + 15514?
15514
In base 5, what is -20330 + 1423?
-13402
In base 13, what is 1bc9 - 7?
1bc2
In base 2, what is -1010000000110110 + -101?
-1010000000111011
In base 10, what is -11867 - 48?
-11915
In base 9, what is -6633 + 40?
-6583
In base 8, what is 3 - -113520?
113523
In base 4, what is -2 + -1012232?
-1012300
In base 14, what is -c - -333?
325
In base 10, what is -2 + 12421?
12419
In base 16, what is 1b - -b75e?
b779
In base 7, what is 164025 - 4?
164021
In base 14, what is 3a968 + -2?
3a966
In base 15, what is -d + -34e2?
-3500
In base 11, what is 120 - 12a1?
-1181
In base 8, what is -1316 - 0?
-1316
In base 6, what is -1001211 - 43?
-1001254
In base 8, what is -3 + 347733?
347730
In base 4, what is -2211312 + -22?
-2212000
In base 15, what is -e59d - -1?
-e59c
In base 14, what is 0 + 3d9d?
3d9d
In base 13, what is 2 + 211c?
2121
In base 4, what is -3001 - 32?
-3033
In base 7, what is -2 - 552535?
-552540
In base 4, what is -132210 - 13?
-132223
In base 8, what is -6 - -554032?
554024
In base 13, what is 21 - -2187?
21a8
In base 14, what is 4d - 1ac?
-15d
In base 4, what is 0 - 10002202?
-10002202
In base 14, what is -cbc + -3b?
-d19
In base 4, what is 30 - -221122?
221212
In base 15, what is -1 - -ecc?
ecb
In base 3, what is -1122 + 10010022?
10001200
In base 2, what is 0 - -111111001001?
111111001001
In base 14, what is -5448 - 3?
-544b
In base 16, what is -f95a - 3?
-f95d
In base 5, what is -3 - -41122?
41114
In base 7, what is -2 + 103115?
103113
In base 3, what is 12 + 12201211?
12202000
In base 13, what is a + -262a?
-2620
In base 7, what is 1212 + -662?
220
In base 6, what is 102 - -3?
105
In base 14, what is -b - -d4?
c7
In base 9, what is 55 + -25387?
-25332
In base 9, what is 107 + 2070?
2177
In base 15, what is 4 + 3dc5?
3dc9
In base 14, what is -16d + 6?
-167
In base 15, what is 24 + -59e?
-57a
In base 12, what is -995 + -6a?
-a43
In base 5, what is -11334142 + 2?
-11334140
In base 16, what is -1 - 2bae?
-2baf
In base 6, what is 10 - -14135?
14145
In base 16, what is -30 - 1bf?
-1ef
In base 2, what is 101 + -10111000111011111?
-10111000111011010
In base 15, what is d + c69?
c77
In base 6, what is 15514 + 1015?
20533
In base 6, what is -2 + -422452?
-422454
In base 3, what is 1100 + 2011221?
2020021
In base 11, what is 3 - 84404?
-84401
In base 12, what is 291027 - -1?
291028
In base 10, what is 2 + 493194?
493196
In base 16, what is 41 + -85?
-44
In base 4, what is -23130323 + -12?
-23131001
In base 13, what is -4 - -6c17a?
6c176
In base 10, what is -19 - 1209?
-1228
In base 10, what is 5 - -69529?
69534
In base 2, what is -101 + 100110001111000010?
100110001110111101
In base 6, what is -4232 - -31?
-4201
In base 3, what is -2022200 - 221?
-2100121
In base 3, what is 11120022011 + 2?
11120022020
In base 2, what is -110010010 + 1100010?
-100110000
In base 13, what is 555 + 682?
c07
In base 14, what is -d - 74d5?
-7504
In base 16, what is -2 - 57548?
-5754a
In base 13, what is -11806 + 6?
-11800
In base 5, what is -22 - 20002?
-20024
In base 14, what is -13095 - 3?
-13098
In base 15, what is -3 - -3c679?
3c676
In base 16, what is -8 - -5fb02?
5fafa
In base 9, what is -443 + 2217?
1664
In base 16, what is -2 + e655?
e653
In base 4, what is -202220102 - -3?
-202220033
In base 15, what is -2 + -12ac?
-12ae
In base 16, what is 84d + 138?
985
In base 7, what is 2055 - 13134?
-11046
In base 4, what is 1033 + -202?
231
In base 11, what is 1593a - 1?
15939
In base 11, what is -71 - -788?
717
In base 11, what is 511 + -500?
11
In base 3, what is -12 + -1020101101201?
-1020101101220
In base 10, what is 1 + -14678?
-14677
In base 14, what is -6c - -b5?
47
In base 6, what is 115 + -4441?
-4322
In base 15, what is 323ebb - -4?
323ec0
In base 15, what is 8cbd + 1?
8cbe
In base 8, what is -1 + -272057?
-272060
In base 7, what is -150656 + -6?
-150665
In base 8, what is -5 + 105115?
105110
In base 11, what is 58 + 405?
462
In base 5, what is -1 - 400300?
-400301
In base 5, what is 12430 + -10100?
2330
In base 7, what is -2 + 1163651?
1163646
In base 3, what is -1102200 - 21200222?
-100010122
In base 8, what is 7506520 + 5?
7506525
In base 8, what is -3677365 - 1?
-3677366
In base 13, what is -3 - 5313?
-5316
In base 16, what is 10 - 23?
-13
In base 10, what is -16122 - 2?
-16124
In base 5, what is 20024032 + -2?
20024030
In base 12, what is -349 + -102?
-44b
In base 6, what is -12423234 - -21?
-12423213
In base 7, what is 363102 - -13?
363115
In base 4, what is -10 + 300111231?
300111221
In base 7, what is -3436 - -613?
-2523
In base 13, what is 9540 + 9?
9549
In base 5, what is 1042 - -1111002?
1112044
In base 13, what is 89 + -6a3?
-617
In base 4, what is 2312223 + -13?
2312210
In base 4, what is -22 + -100012320?
-100013002
In base 4, what is 232201 - -201?
233002
In base 14, what is -10d3 - -a8?
-1029
In base 9, what is 430 - -70?
510
In base 4, what is -10 - 200033122?
-200033132
In base 2, what is -101 - 100001010100011?
-100001010101000
In base 8, what is -225 - 4254?
-4501
In base 10, what is -10 + 86308?
86298
In base 14, what is 1734 - 39?
16d9
In base 11, what is 3 - 1286a9?
-1286a6
In base 10, what is 396 - -138?
534
In base 15, what is 2bcc7 - -1?
2bcc8
In base 7, what is 4 + -154004?
-154000
In base 8, what is -257 + -224?
-503
In base 8, what is -224 - 26455?
-26701
In base 2, what is -10100001110111101000 + 1?
-10100001110111100111
In base 15, what is 0 - -953d?
953d
In base 15, what is 28 + 32a97?
32ac0
In base 12, what is 2 - -8a56?
8a58
In base 12, what is -31398 + -13?
-313ab
In base 6, what is 5 + -154102?
-154053
In base 7, what is 20 + -114153?
-114133
In base 9, what is -52580 - -5?
-52574
In base 5, what is -1 - -412322033?
412322032
In base 15, what is -1ae + -40d2?
-4291
In base 4, what is -10113 + 11331?
1212
In base 16, what is 303 + 44e?
751
In base 11, what is -70579 + 1?
-70578
In base 8, what is 0 - -4417?
4417
In base 16, what is b23 - 1?
b22
In base 5, what is 3 - -1023421?
1023424
In base 7, what is 31 - 422?
-361
In base 3, what is -1021 - -21101022111?
21101021020
In base 16, what is -b8 - 127c?
-1334
In base 14, what is 313 + -93?
260
In base 10, what is 1424 + 140?
1564
In base 6, what is -12443 + 5121?
-3322
In base 5, what is 1 - -1041130?
1041131
In base 8, what is 123576 - -62